{"id":873,"date":"2023-03-19T19:53:51","date_gmt":"2023-03-19T19:53:51","guid":{"rendered":"http:\/\/www.ayesesteknoloji.com\/?page_id=873"},"modified":"2025-04-26T14:46:49","modified_gmt":"2025-04-26T14:46:49","slug":"kamera-sistemleri","status":"publish","type":"page","link":"https:\/\/www.ayesesteknoloji.com\/?page_id=873","title":{"rendered":"KAMERA S\u0130STEMLER\u0130"},"content":{"rendered":"<div class=\"wp-block-image\">\n<figure class=\"alignleft\"><img decoding=\"async\" loading=\"lazy\" width=\"300\" height=\"114\" src=\"http:\/\/www.ayesesteknoloji.com\/wp-content\/uploads\/2021\/03\/1-300x114.jpg\" alt=\"\" class=\"wp-image-226\"\/><\/figure><\/div>\n\n\n<h3>KAMERA S\u0130STEMLER\u0130<\/h3>\n\n\n\n<p>Ayeses Teknoloji, kamera sistemleri \u00e7\u00f6z\u00fcmleri i\u00e7erisinde CCTV, IP ve Analog v.b. bir\u00e7ok alternatif kamera \u00e7\u00f6z\u00fcmleri ile m\u00fc\u015fterilerine hizmet vermektedir.<\/p>\n\n\n\n<p>Kurumlar\u0131n gerekli analizleri yap\u0131ld\u0131ktan sonra bu kurumlara y\u00f6nelik temel ihtiya\u00e7lar\u0131n en uygun kamera sistemleri ile \u00e7\u00f6z\u00fcm\u00fc sunulmaktad\u0131r.<\/p>\n\n\n\n<p>Ayr\u0131ca kurumlar i\u00e7in kamera sistemleri bir g\u00fcvenlik \u00e7\u00f6z\u00fcm\u00fc olmakla birlikte, \u00e7al\u0131\u015fan personelin de\u011ferlendirilmesi a\u015famas\u0131nda da b\u00fcy\u00fck bir \u00f6nem ta\u015f\u0131maktad\u0131r. Kamera sistemleri sayesinde i\u015f yerinizde ger\u00e7ekten verimli \u00e7al\u0131\u015fanlarla, verimsiz \u00e7al\u0131\u015fanlar\u0131 ay\u0131rt etmeniz ve personelin i\u015fe giri\u015f \u00e7\u0131k\u0131\u015f saatlerini \u00f6\u011frenmeniz i\u00e7in size kesin \u00e7\u00f6z\u00fcmler sunmaktad\u0131r.<\/p>\n\n\n\n<p>Bu sayede \u00e7al\u0131\u015fanlar\u0131n\u0131z\u0131 hem raporlarla hem de sistem \u00fczerinden yapaca\u011f\u0131n\u0131z g\u00f6zlemlerle de\u011ferlendirebilirsiniz. Bu sayede \u015firketinizdeki i\u015f verimlili\u011fini de artt\u0131rabilirsiniz.<\/p>\n\n\n\n<h4>CCTV G\u00fcvenlik Kamera Sistemi \u00c7e\u015fitleri Nelerdir?<\/h4>\n\n\n\n<p>CCTV, \u201cKapal\u0131 Devre Televizyon\u201d anlam\u0131na gelen bir kamera g\u00f6r\u00fcnt\u00fcleme sistemidir. CCTV kamera sistemi sayesinde trafik kontrol\u00fc, farkl\u0131 b\u00f6lgelerdeki i\u015fletmelerin kontrol\u00fc, m\u00fc\u015fteri trafi\u011fini denetleme gibi i\u015flevlerde kullan\u0131labilmektedir. G\u00fcvenlik kameras\u0131 sistemi, g\u00fcn\u00fcm\u00fczde genellikle g\u00fcvenli\u011fin sa\u011flanmas\u0131 ve tedbir ama\u00e7l\u0131 kullan\u0131lmaktad\u0131r.<\/p>\n\n\n\n<p>Teknolojinin geli\u015fmesine paralel olarak CCTV g\u00fcvenlik sistemleri de \u00e7e\u015fitlenmeye ba\u015flam\u0131\u015ft\u0131r. Genel olarak ba\u011flant\u0131 d\u00fczeyinde olu\u015fan bu \u00e7e\u015fitlenme, kablolar arac\u0131l\u0131\u011f\u0131yla yap\u0131l\u0131yorsa Analog CCTV, network \u00fczerinden IP ile yap\u0131l\u0131yorsa IP CCTV, hem kablo hem de IP \u00fczerinden yap\u0131l\u0131yorsa Hybrid CCTV olarak adland\u0131r\u0131lmaktad\u0131r.<\/p>\n\n\n\n<p><strong>Analog CCTV:<\/strong>&nbsp;Bu sistem sabit, ya da hareketli kameralar, sistem kontrol \u00fcnitesi, switch, kay\u0131t cihaz\u0131 (DVR), izleme yaz\u0131l\u0131m\u0131 ve monit\u00f6rden olu\u015fabilmektedir. Sabit ya da hareketli kameralar ile \u00e7ekilen g\u00f6r\u00fcnt\u00fc UTP kablolar \u00fczerinden kay\u0131t cihaz\u0131na (DVR) iletilir. Kay\u0131t cihaz\u0131 bu g\u00f6r\u00fcnt\u00fcleri dijitale \u00e7evirip y\u00fcksek kalitede saklar. G\u00fcn\u00fcm\u00fczde geli\u015fmi\u015f kay\u0131t cihazlar\u0131, dijitale d\u00f6n\u00fc\u015ft\u00fcrd\u00fckleri g\u00f6r\u00fcnt\u00fcleri IP \u00fczerinden a\u011fa sunarak uzaktan izlemeye imkan tan\u0131yabilmektedir.<\/p>\n\n\n\n<p><strong>IP CCTV:&nbsp;<\/strong>Bu sistem, IP kameralar, IP Encoder ile Decoder, izleme ve kay\u0131t yaz\u0131l\u0131m\u0131 ile A\u011f Video Kaydedicisinden (NVR) olu\u015fmaktad\u0131r. IP kameralardan gelen g\u00f6r\u00fcnt\u00fc, a\u011f kay\u0131t cihaz\u0131na (NVR) iletilir. NVR, gelen dijital g\u00f6r\u00fcnt\u00fcy\u00fc saklar. IP CCTV sisteminde,&nbsp; g\u00f6r\u00fcnt\u00fc uzak bir lokasyondan izlenebilece\u011fi gibi sistemden ba\u011f\u0131ms\u0131z uzak bir yerde de kay\u0131t alt\u0131na al\u0131nabilmektedir.<\/p>\n\n\n\n<!-- Google tag (gtag.js) -->\n<script async=\"\" src=\"https:\/\/www.googletagmanager.com\/gtag\/js?id=AW-10969955635\"><\/script>\n<script>\n  window.dataLayer = window.dataLayer || [];\n  function gtag(){dataLayer.push(arguments);}\n  gtag('js', new Date());\n\n  gtag('config', 'AW-10969955635');\n<\/script>\n\n\n\n<p><strong>Hyribd CCTV:<\/strong>&nbsp;Bu sistem, Analog CCTV ve IP CCTV sistemi teknolojilerinin birle\u015fmesi olarak kabul edilebilmektedir. Hyribd CCTV sistemi, genel olarak analog kameralar, IP kameralar, izleme yaz\u0131l\u0131m\u0131 ve gelen g\u00f6r\u00fcnt\u00fcy\u00fc kay\u0131t alt\u0131na alan Hyribd DVR cihaz\u0131ndan olu\u015fmaktad\u0131r. G\u00fcn\u00fcm\u00fczde Hybrid kay\u0131t cihazlar\u0131 g\u00f6r\u00fcnt\u00fcy\u00fc VGA\/HD 720p\/HD 1080p \u00e7\u00f6z\u00fcn\u00fcrl\u00fckte kay\u0131t alt\u0131na alabilmektedir.<\/p>\n","protected":false},"excerpt":{"rendered":"<p>KAMERA S\u0130STEMLER\u0130 Ayeses Teknoloji, kamera sistemleri \u00e7\u00f6z\u00fcmleri i\u00e7erisinde CCTV, IP ve Analog v.b. bir\u00e7ok alternatif kamera \u00e7\u00f6z\u00fcmleri ile m\u00fc\u015fterilerine hizmet vermektedir. Kurumlar\u0131n gerekli analizleri yap\u0131ld\u0131ktan sonra bu kurumlara y\u00f6nelik temel ihtiya\u00e7lar\u0131n en uygun kamera sistemleri ile \u00e7\u00f6z\u00fcm\u00fc sunulmaktad\u0131r. Ayr\u0131ca kurumlar<\/p>\n","protected":false},"author":1,"featured_media":0,"parent":122,"menu_order":0,"comment_status":"closed","ping_status":"closed","template":"","meta":{"om_disable_all_campaigns":false,"_monsterinsights_skip_tracking":false,"_monsterinsights_sitenote_active":false,"_monsterinsights_sitenote_note":"","_monsterinsights_sitenote_category":0},"aioseo_notices":[],"_links":{"self":[{"href":"https:\/\/www.ayesesteknoloji.com\/index.php?rest_route=\/wp\/v2\/pages\/873"}],"collection":[{"href":"https:\/\/www.ayesesteknoloji.com\/index.php?rest_route=\/wp\/v2\/pages"}],"about":[{"href":"https:\/\/www.ayesesteknoloji.com\/index.php?rest_route=\/wp\/v2\/types\/page"}],"author":[{"embeddable":true,"href":"https:\/\/www.ayesesteknoloji.com\/index.php?rest_route=\/wp\/v2\/users\/1"}],"replies":[{"embeddable":true,"href":"https:\/\/www.ayesesteknoloji.com\/index.php?rest_route=%2Fwp%2Fv2%2Fcomments&post=873"}],"version-history":[{"count":3,"href":"https:\/\/www.ayesesteknoloji.com\/index.php?rest_route=\/wp\/v2\/pages\/873\/revisions"}],"predecessor-version":[{"id":968,"href":"https:\/\/www.ayesesteknoloji.com\/index.php?rest_route=\/wp\/v2\/pages\/873\/revisions\/968"}],"up":[{"embeddable":true,"href":"https:\/\/www.ayesesteknoloji.com\/index.php?rest_route=\/wp\/v2\/pages\/122"}],"wp:attachment":[{"href":"https:\/\/www.ayesesteknoloji.com\/index.php?rest_route=%2Fwp%2Fv2%2Fmedia&parent=873"}],"curies":[{"name":"wp","href":"https:\/\/api.w.org\/{rel}","templated":true}]}}